 0. Let p = t - d. What is the tens digit of p?
5
Let w = 35 - 31. Suppose g - 4*g + 4*r + 12 = 0, w*g = -3*r + 41. What is the units digit of g?
8
Let j = -1157 - -1736. What is the tens digit of j?
7
Suppose -2*m + 665 = 3*m. Let a be 39/12 + 0 + 4/(-16). Suppose -m - a = -4*y. What is the units digit of y?
4
Suppose -3 = -4*u + 1, -v = -2*u - 322. What is the tens digit of v?
2
Let y(n) = 10*n - 82. Let a(j) = 3*j - 27. Let w(f) = 7*a(f) - 2*y(f). Let d be w(16). What is the units digit of (-9)/(d/(-2)) - -5?
3
Suppose -2*b = 5*s + 259 - 791, -b = -2*s + 211. Suppose 2*r - 2*u = s, 2*r - u = -11 + 113. What is the tens digit of r?
4
Suppose -2*z - 13 + 1 = -2*r, -z = 2*r - 3. Let h(g) = -2*g**2 - g - 12*g**3 - g**2 - 15*g**r + g**2. What is the tens digit of h(-1)?
2
Suppose 3*q = 5*p - 917, 3*p + q - 251 - 302 = 0. Let w = -135 + p. What is the units digit of w?
9
Let y = -238 - -54. Let x = -126 - y. What is the units digit of x?
8
Let c be (1 - 2)/(6/(-12)). Suppose -5*r + 4*a = -12, -c*r - 4*a = -3*r + 12. Suppose 4*s - 7*o - 89 = -2*o, r = -4*s + 2*o + 98. What is the units digit of s?
6
Suppose -24 = -4*f + 8*f. What is the tens digit of (-7)/(14/f) + 15?
1
Let k = -700 - -1156. What is the hundreds digit of k?
4
Let x(k) = -18*k**3 - 33*k**2 + 9*k - 2. What is the tens digit of x(-6)?
4
Let o = -3517 + 7247. What is the tens digit of o?
3
What is the tens digit of (-5)/((-55)/6202) - (-174)/957?
6
Suppose -5*g - 6 = 24. Let j be (-32)/(-12) + (-2)/g. Suppose s - 80 = -j*s. What is the tens digit of s?
2
Let l(m) = m**2 - 14*m + 17. Let v be l(13). Let f be 6/v*(-8)/3. Let j(d) = -d**3 - 2*d**2 + 3*d - 1. What is the tens digit of j(f)?
1
Suppose 4885 = 22*l - 10141. What is the units digit of l?
3
Let g(f) = -235*f - 1006. What is the units digit of g(-16)?
4
Suppose 0 = 219*f - 195*f - 100440. What is the units digit of f?
5
What is the hundreds digit of -3*10/20*(-400)/3?
2
Suppose -l - 5*i + 3*i + 43 = 0, -2*i = 0. What is the units digit of l?
3
Suppose -2*d = -5*c - 1938, -13*c + 8*c + 20 = 0. What is the tens digit of d?
7
Suppose 0 = 4*p + 2*p + 5*p. Suppose -220 = -2*i - 2*s, 227 = 2*i - p*i - 5*s. What is the tens digit of i?
1
Let h = 3379 - 1667. What is the units digit of h?
2
Let q(x) = 2*x**3 + 9*x**2 + 8*x - 150. What is the thousands digit of q(10)?
2
Let o(r) = 12*r**2 + 32*r - 156. What is the tens digit of o(14)?
4
Suppose 4*x - 5*m = -55, -2*m + 35 + 55 = -5*x. Let g = 39 + x. What is the units digit of g?
9
Let n(s) be the third derivative of -s**6/120 + s**5/6 - 11*s**4/24 - 7*s**3/6 + 4*s**2. Let u be n(9). Let g = -15 - u. What is the tens digit of g?
1
Let x(a) = 7*a**2 + 3. Let j be x(-3). Let m = 41 + j. Let q = m + -59. What is the units digit of q?
8
Suppose 2*m = 5*s - 1, 2*s + 2 = -m + 5*s. Let l = 11 - m. Suppose 0 = l*t - 15 - 29. What is the units digit of t?
1
Let h = 956 - 1418. What is the units digit of (-1)/(h/(-116) - 4)?
8
Suppose 0 = s - 1, 2*s = 3*v - v + 8. What is the units digit of 20/15 - 167/v?
7
Let p = -49 - -39. What is the tens digit of ((-416)/(-80))/((-1)/p)?
5
Let l(f) = -f - 6 - 1 - 3. Let h be l(0). What is the units digit of ((-6)/h)/(7/35)?
3
Let m = -38 + -13. Let p = -42 - m. What is the units digit of p?
9
Suppose 11*a = -648 + 5543. What is the units digit of a?
5
Suppose 4*c = -2*r + 1754, -7*r = -2*r - 25. What is the tens digit of c?
3
Suppose w = -3*f + 959, 0 = -3*f - 5*w - 519 + 1474. Suppose -25*m + 20*m + f = 0. What is the units digit of m?
4
Let k be (-1)/((-12)/66 - (-7)/(-22)). Suppose 24 = -2*v - 4*i - 14, 3*v + 4*i = -53. What is the units digit of k/((-31)/v + -2)?
0
What is the hundreds digit of 55130/110 + 60/33 + -2?
5
Let v(c) be the third derivative of -7*c**6/120 + c**5/30 + c**4/24 - c**3/6 - 19*c**2. What is the units digit of v(-2)?
1
Let t = -540 - -1731. What is the tens digit of t?
9
Let j(d) = -2*d - 5. Let w(u) = u**3 - 7*u**2 - 10. Let l be w(7). Let k be 8/l + (-63)/15. What is the units digit of j(k)?
5
What is the units digit of (2/((-12)/(-1042)))/(125/750)?
2
Suppose 29*k - 31*k - 6166 = -5*t, 2*k - 4 = 0. What is the thousands digit of t?
1
Let z = -1347 - -2003. Suppose -5*j - 2*h = -267 - z, h + 556 = 3*j. What is the hundreds digit of j?
1
What is the tens digit of (-60 - -51)*(-4146)/9?
4
Let b(n) = 1073*n**2 - 11*n. What is the hundreds digit of b(1)?
0
Let n be 12/(-10)*(-400)/(-24). Let r(d) = d + 29. What is the units digit of r(n)?
9
Suppose 3*z + 80 = -n, 3*z - 300 = 5*n - 2*n. Let a = 210 + n. What is the units digit of a?
5
What is the hundreds digit of 24/10*(-775)/40*-4?
1
Let h(a) be the second derivative of a**5/20 + 3*a**4/4 + 2*a**3/3 - a**2 + 32*a. Let y = -18 + 10. What is the units digit of h(y)?
0
Let t = 14 + -20. Let a(n) = -2*n**3 - 6*n**2 + 4. Let k be a(t). Suppose -2*b = 3*b - k. What is the units digit of b?
4
Let a = 12 - 10. Suppose -5*c = y + 23, a*c - 3*c - 3 = y. Suppose -35 = -y*j + 1. What is the units digit of j?
8
Suppose 3*k = -0*k - 3*d, 30 = -5*k + 5*d. Let v be k/21 - (-22)/7. Suppose w - 35 = t, -5*t + v*t = -4*w + 136. What is the tens digit of w?
3
Let r = -112 - -682. What is the units digit of r?
0
Suppose 5*z + 49 + 71 = 5*i, -5*i = 5*z - 160. Let g = i - 25. What is the units digit of 4*(-2 + g) + 57?
1
Let w = 8 + -6. Let p = 4 - 4. Suppose p = -2*z + 2*s + 6, 4*s - 16 = -5*z + w*z. What is the units digit of z?
4
Let c = 6 - 11. Let u(d) = -d**2 - 5*d + 5. Let i be u(c). Suppose i*n + 4*z - 209 = 0, 5*n - 2*n = -5*z + 128. What is the tens digit of n?
4
Suppose 7*c - 9*c + 78 = 0. Let j = -16 + c. What is the tens digit of j?
2
Suppose -6*g - 4091 = -11*g + 3*s, 3*g + s = 2449. What is the tens digit of g?
1
Let c be (-2)/7 - 46/(-14). Let w = 4 - -31. Suppose -w + 16 = -u + 3*q, q = -c. What is the units digit of u?
0
Suppose -11*y - 2*s = -7*y - 160, -2*y = 3*s - 80. What is the tens digit of y?
4
Let s be -1 - (-6 - -3)/((-1)/(-8)). Suppose n = -3*h + 407, -102 = -h + 5*n + s. What is the tens digit of h?
3
Let w(y) = y**3 - 12*y**2 + 12*y - 11. Let j be w(11). Suppose -5*o + r = -j*r - 50, 0 = -4*o - 3*r + 59. What is the tens digit of o?
1
Let j(a) = 3*a**2 + 26*a - 736. What is the units digit of j(-33)?
3
Suppose -22*p + 3863 = -7445. What is the tens digit of p?
1
Suppose -3*w + 1257 = 2*p, -4*p + 6*w = 2*w - 2524. Suppose 2*a = 4*a - p. What is the units digit of a?
5
Suppose -45*m - 3439 = -46*m. What is the thousands digit of m?
3
Suppose -8*b + 509 = -139. Let m be 1 - ((-4)/2)/2. Suppose 5*f + 7 = 3*z - b, -z + 11 = m*f. What is the units digit of z?
1
Suppose 5*y + 2*w + 8 = 2, -3*y = w + 3. Suppose -4*n + 136 = -y*n. What is the tens digit of n?
3
Suppose 0 = -4*s - 16 + 4, 0 = -b - s + 85. Suppose 4*n - 52 = b. What is the tens digit of n?
3
Let x = -34 + 28. What is the units digit of 4 + (3*(-8)/x - 2)?
6
Suppose 0 = -20*m + 26591 - 6451. What is the units digit of m?
7
Suppose -2*q - 4*c + 18 = 0, q = -4*q - 5*c + 30. Suppose 5*p + 3*g - 308 = g, 245 = 4*p + q*g. What is the tens digit of p?
6
Let z be (-5 + 6)*(-8 + 2). Let l be (-40)/12*z/5. Suppose -y - 5*c - 3 + 6 = 0, 37 = l*y - 5*c. What is the units digit of y?
8
Suppose 0 = 2*a + 2*w - 790, -a = 4*a + w - 1963. What is the units digit of a?
2
Let h(d) = 8*d - 6. Let i be h(7). Suppose 0 = -4*k + 2*q + i, 5*k - 4 - 41 = -q. What is the units digit of 4/k - 332/(-20)?
7
Let w(l) = l**2 + 9*l + 33. Let h be w(-9). What is the tens digit of -54*(-2)/(-10)*(-440)/h?
4
Let g(d) = -463*d + 49. What is the thousands digit of g(-3)?
1
Let j be (4/4)/(2/(-48)). Let n be (-318)/4*16/j. Suppose -5*c - m + 3*m = -n, -4*m + 2 = 2*c. What is the units digit of c?
9
Suppose 10*g - 348 = 2582. What is the hundreds digit of g?
2
Let u(c) = 13*c**2 + 1. Let r be 4/(-6) - (-105)/9. Let v be (-13)/r + (-8)/(-44). What is the units digit of u(v)?
4
Let d(v) = -4*v**3 + v**2 - 49*v - 94. What is the units digit of d(-2)?
0
Suppose 5*j + 25 = 0, -34 + 8 = g + 4*j. Let m = -32 - -89. What is the units digit of (g - -6) + 1 + m?
8
Let b(j) be the third derivative of 11*j**4/24 - j**3/6 - 6*j**2. Let i = 9 - 6. What is the units digit of b(i)?
2
What is the units digit of (825 - -4) + 7 + -1?
5
Let a(u) = 8 + u + u + 15 - 11*u. Wha